{"id":2667,"date":"2015-11-19T08:27:38","date_gmt":"2015-11-19T07:27:38","guid":{"rendered":"http:\/\/grafik.select-themes.com\/?page_id=4"},"modified":"2021-02-17T14:59:24","modified_gmt":"2021-02-17T13:59:24","slug":"accueil","status":"publish","type":"page","link":"https:\/\/mellor-ribet.com\/","title":{"rendered":"Accueil"},"content":{"rendered":"<p>[vc_row disable_element=\u00a0\u00bbyes\u00a0\u00bb header_style=\u00a0\u00bbqodef-dark-header\u00a0\u00bb content_aligment=\u00a0\u00bbcenter\u00a0\u00bb css=\u00a0\u00bb.vc_custom_1607933746928{background-color: #ffffff !important;}\u00a0\u00bb][vc_column]\n<div class=\"qodef-cover-boxes boxes-three cover-box-image\" data-active-element=\"3\">\n    <ul class='clearfix'>\n        <li>\n            <div class=\"qodef-box\">\n                <div class=\"qodef-box-info-holder\">\n                    <div class=\"qodef-box-top-stripe\"><\/div>\n                    <a class=\"qodef-box-thumb\" href=\"\" target=\"_self\">\n                                                    <img alt=\"\" src=\"https:\/\/mellor-ribet.com\/wp-content\/uploads\/2020\/11\/Architecture-Logo.png\" \/>\n                                            <\/a>\n                <\/div>\n                <div class='qodef-box-content'>\n                    <h3 class=\"qodef-cover-box-title\">\n                                            <\/h3>\n                    <p class=\"qodef-cover-box-text\">\n                                            <\/p>\n                    <a href=\"#\" target=\"_self\"  class=\"qodef-btn qodef-btn-medium qodef-btn-outline\"  >    <span class=\"qodef-btn-text\">ARCHITECTURE<\/span>    <\/a>                <\/div>\n            <\/div>\n        <\/li>\n        <li>\n            <div class=\"qodef-box\">\n                <div class=\"qodef-box-info-holder\">\n                    <div class=\"qodef-box-top-stripe\"><\/div>\n                    <a class=\"qodef-box-thumb\" href=\"\" target=\"_self\">\n                                                    <img alt=\"\" src=\"https:\/\/mellor-ribet.com\/wp-content\/uploads\/2020\/11\/Urba-logo.png\" \/>\n                                            <\/a>\n                <\/div>\n                <div class='qodef-box-content'>\n                    <h3 class=\"qodef-cover-box-title\">\n                                            <\/h3>\n                    <p class=\"qodef-cover-box-text\">\n                                            <\/p>\n                    <a href=\"#\" target=\"_self\"  class=\"qodef-btn qodef-btn-medium qodef-btn-outline\"  >    <span class=\"qodef-btn-text\">URBANISME<\/span>    <\/a>                <\/div>\n            <\/div>\n        <\/li>\n        <li>\n            <div class=\"qodef-box\">\n                <div class=\"qodef-box-info-holder\">\n                    <div class=\"qodef-box-top-stripe\"><\/div>\n                    <a class=\"qodef-box-thumb\" href=\"\" target=\"_self\">\n                                                    <img alt=\"\" src=\"https:\/\/mellor-ribet.com\/wp-content\/uploads\/2020\/11\/Art-urbain-logo.png\" \/>\n                                            <\/a>\n                <\/div>\n                <div class='qodef-box-content'>\n                    <h3 class=\"qodef-cover-box-title\">\n                                            <\/h3>\n                    <p class=\"qodef-cover-box-text\">\n                                            <\/p>\n                    <a href=\"#\" target=\"_self\"  class=\"qodef-btn qodef-btn-medium qodef-btn-outline\"  >    <span class=\"qodef-btn-text\">ART URBAIN<\/span>    <\/a>                <\/div>\n            <\/div>\n        <\/li>\n    <\/ul>\n<\/div>[\/vc_column][\/vc_row][vc_row disable_element=\u00a0\u00bbyes\u00a0\u00bb row_type=\u00a0\u00bbparallax\u00a0\u00bb content_width=\u00a0\u00bbgrid\u00a0\u00bb content_aligment=\u00a0\u00bbcenter\u00a0\u00bb full_screen_section_height=\u00a0\u00bbno\u00a0\u00bb parallax_background_image=\u00a0\u00bb76&Prime; css=\u00a0\u00bb.vc_custom_1607604202379{background-color: #ffffff !important;}\u00a0\u00bb][vc_column][vc_empty_space height=\u00a0\u00bb121px\u00a0\u00bb]\n<div class=\"qodef-custom-font-holder\" style=\"font-family: Montserrat;font-size: 50px;line-height: 88px;font-weight: 600;letter-spacing: -3px;text-transform: Capitalize;text-align: center;color: #ffffff\" data-font-size= 50 data-line-height= 88>\n\tProjets\t<\/div>[vc_empty_space height=\u00a0\u00bb248px\u00a0\u00bb][\/vc_column][\/vc_row][vc_row disable_element=\u00a0\u00bbyes\u00a0\u00bb row_type=\u00a0\u00bbparallax\u00a0\u00bb header_style=\u00a0\u00bbqodef-light-header\u00a0\u00bb content_aligment=\u00a0\u00bbcenter\u00a0\u00bb full_screen_section_height=\u00a0\u00bbno\u00a0\u00bb section_height=\u00a0\u00bb250px\u00a0\u00bb parallax_background_image=\u00a0\u00bb3975&Prime; parallax_speed=\u00a0\u00bb2&Prime;][vc_column width=\u00a0\u00bb1\/2&Prime; offset=\u00a0\u00bbvc_col-md-6&Prime;]<div class=\"qodef-elements-holder qodef-responsive-mode-768 qodef-one-column-alignment-center\" style=\"background-color:#ffffff;\"><div class=\"qodef-elements-holder-item \" >\n\t<div class=\"qodef-elements-holder-item-inner\">\n\t\t<div class=\"qodef-elements-holder-item-content qodef-elements-holder-custom-379225\" style=\"padding: 13.5% 1% 0% 43%\">\n\t\t\t\t\t\t<style type=\"text\/css\" data-type=\"qodef-elements-custom-padding\">\n\t\t\t\t\t\t\t\t@media only screen and (min-width: 1280px) and (max-width: 1600px) {\n\t\t\t\t\t.qodef-elements-holder .qodef-elements-holder-item-content.qodef-elements-holder-custom-379225 {\n\t\t\t\t\t\tpadding: 13.5% 1% 0% 20% !important;\n\t\t\t\t\t}\n\t\t\t\t}\n\t\t\t\t\t\t\t\t\t\t\t\t\t@media only screen and (min-width: 1024px) and (max-width: 1280px) {\n\t\t\t\t\t\t.qodef-elements-holder .qodef-elements-holder-item-content.qodef-elements-holder-custom-379225 {\n\t\t\t\t\t\t\tpadding: 13% 1% 0% 14% !important;\n\t\t\t\t\t\t}\n\t\t\t\t\t}\n\t\t\t\t\t\t\t\t\t\t\t\t@media only screen and (min-width: 768px) and (max-width: 1024px) {\n\t\t\t\t\t.qodef-elements-holder .qodef-elements-holder-item-content.qodef-elements-holder-custom-379225 {\n\t\t\t\t\t\tpadding: 6% 0% 0% 25% !important;\n\t\t\t\t\t}\n\t\t\t\t}\n\t\t\t\t\t\t\t\t\t\t\t\t@media only screen and (min-width: 600px) and (max-width: 768px) {\n\t\t\t\t\t.qodef-elements-holder .qodef-elements-holder-item-content.qodef-elements-holder-custom-379225 {\n\t\t\t\t\t\tpadding: 6% 9% 0% 9% !important;\n\t\t\t\t\t}\n\t\t\t\t}\n\t\t\t\t\t\t\t\t\t\t\t\t@media only screen and (min-width: 480px) and (max-width: 600px) {\n\t\t\t\t\t.qodef-elements-holder .qodef-elements-holder-item-content.qodef-elements-holder-custom-379225 {\n\t\t\t\t\t\tpadding: 6% 6% 0% 10% !important;\n\t\t\t\t\t}\n\t\t\t\t}\n\t\t\t\t\t\t\t\t\t\t\t\t@media only screen and (max-width: 480px) {\n\t\t\t\t\t.qodef-elements-holder .qodef-elements-holder-item-content.qodef-elements-holder-custom-379225 {\n\t\t\t\t\t\tpadding: 6% 6% 0% 10% !important;\n\t\t\t\t\t}\n\t\t\t\t}\n\t\t\t\t\t\t\t\t<\/style>\n\t\t\t\t\t\t[vc_column_text]<\/p>\n<h2 style=\"text-align: left;\"><span class=\"hotkey-layer \"><span class=\"hotkey-layer preview-overlay is-preview-sidebar-visible\">Structure de l\u2019agence <\/span><\/span><\/h2>\n<p>[\/vc_column_text][vc_empty_space height=\u00a0\u00bb37px\u00a0\u00bb css=\u00a0\u00bb.vc_custom_1606475698468{margin-right: -90px !important;}\u00a0\u00bb][vc_column_text css=\u00a0\u00bb.vc_custom_1606475749521{margin-right: 90px !important;}\u00a0\u00bb]<\/p>\n<p style=\"text-align: justify;\"><span class=\"hotkey-layer \"><span class=\"hotkey-layer preview-overlay is-preview-sidebar-visible\">Fond\u00e9e en 1992, l\u2019agence s\u2019est volontairement inscrite dans un espace europ\u00e9en. Les\u00a0 fondateurs de l\u2019agence ont acquis une exp\u00e9rience professionnelle en Angleterre, en Allemagne aux Etas Unis et Canada et en France. L\u2019agence parisienne travaille encollaboration avec des agences partenaires \u00e0 Londres et \u00e0 Berlin. Cette culture professionnelle europ\u00e9enne est v\u00e9cue comme une source de richesse pour la production architecturale.<\/span><\/span><\/p>\n<p>[\/vc_column_text][vc_empty_space height=\u00a0\u00bb37px\u00a0\u00bb]<a href=\"http:\/\/mellor-ribet.com\/index.php\/apropos\/\" target=\"_self\" style=\"color: #020000;background-color: #ffffff;border-color: #dd9933;font-size: 12px;font-weight: 100\" class=\"qodef-btn qodef-btn-medium qodef-btn-solid qodef-btn-custom-hover-bg qodef-btn-custom-border-hover qodef-btn-custom-hover-color qodef-btn-icon\" data-hover-bg-color=\"#dd9933\" data-hover-color=\"#dd9933\" data-hover-border-color=\"#dd9933\" >\n    <span class=\"qodef-btn-text\">\u00e0 propos<\/span>\n    <span aria-hidden=\"true\" class=\"qodef-icon-font-elegant arrow_right \" ><\/span><\/a>\t\t<\/div>\n\t<\/div>\n<\/div><\/div>[\/vc_column][vc_column width=\u00a0\u00bb1\/2&Prime;][vc_single_image image=\u00a0\u00bb2994&Prime; img_size=\u00a0\u00bb300&#215;300&Prime; alignment=\u00a0\u00bbcenter\u00a0\u00bb css=\u00a0\u00bb.vc_custom_1605765966535{margin-top: 90px !important;}\u00a0\u00bb][\/vc_column][\/vc_row][vc_row disable_element=\u00a0\u00bbyes\u00a0\u00bb css=\u00a0\u00bb.vc_custom_1607933890018{background-color: #ffffff !important;}\u00a0\u00bb][vc_column][vc_empty_space height=\u00a0\u00bb120px\u00a0\u00bb][\/vc_column][\/vc_row][vc_row disable_element=\u00a0\u00bbyes\u00a0\u00bb row_type=\u00a0\u00bbparallax\u00a0\u00bb header_style=\u00a0\u00bbqodef-dark-header\u00a0\u00bb content_aligment=\u00a0\u00bbright\u00a0\u00bb full_screen_section_height=\u00a0\u00bbyes\u00a0\u00bb vertically_align_content_in_middle=\u00a0\u00bbyes\u00a0\u00bb css=\u00a0\u00bb.vc_custom_1607948300615{margin-top: -230px !important;margin-bottom: -180px !important;}\u00a0\u00bb][vc_column parallax=\u00a0\u00bbcontent-moving\u00a0\u00bb parallax_image=\u00a0\u00bb3150&Prime; offset=\u00a0\u00bbvc_col-md-4&Prime; css=\u00a0\u00bb.vc_custom_1607946973182{background: #ffffff url(http:\/\/mellor-ribet.com\/wp-content\/uploads\/2020\/11\/BK_MBIO-Modified1.jpg?id=3150) !important;}\u00a0\u00bb][vc_single_image image=\u00a0\u00bb3431&Prime; img_size=\u00a0\u00bb200X200&Prime; alignment=\u00a0\u00bbcenter\u00a0\u00bb onclick=\u00a0\u00bbcustom_link\u00a0\u00bb css_animation=\u00a0\u00bbzoomIn\u00a0\u00bb][vc_empty_space height=\u00a0\u00bb40px\u00a0\u00bb][vc_column_text el_class=\u00a0\u00bba:hover\u00a0\u00bb]<\/p>\n<h2 style=\"text-align: center;\"><a href=\"http:\/\/mellor-ribet.com\/index.php\/architecture\/\">Architecture<\/a><\/h2>\n<h2 style=\"text-align: center;\"><\/h2>\n<p>[\/vc_column_text][vc_empty_space height=\u00a0\u00bb40px\u00a0\u00bb][\/vc_column][vc_column parallax=\u00a0\u00bbcontent-moving\u00a0\u00bb parallax_image=\u00a0\u00bb803&Prime; offset=\u00a0\u00bbvc_col-md-4&Prime; css=\u00a0\u00bb.vc_custom_1607947004519{background: #ffffff url(http:\/\/mellor-ribet.com\/wp-content\/uploads\/2015\/11\/b-sustainable-urban-planning.jpg?id=803) !important;}\u00a0\u00bb][vc_single_image image=\u00a0\u00bb3432&Prime; img_size=\u00a0\u00bb200X200&Prime; alignment=\u00a0\u00bbcenter\u00a0\u00bb onclick=\u00a0\u00bbcustom_link\u00a0\u00bb css_animation=\u00a0\u00bbzoomIn\u00a0\u00bb][vc_empty_space height=\u00a0\u00bb40px\u00a0\u00bb][vc_column_text]<\/p>\n<h2 style=\"text-align: center;\"><a href=\"http:\/\/mellor-ribet.com\/index.php\/urbanisme\/\">Urbanisme<\/a><\/h2>\n<p>[\/vc_column_text][vc_empty_space height=\u00a0\u00bb40px\u00a0\u00bb][\/vc_column][vc_column parallax=\u00a0\u00bbcontent-moving\u00a0\u00bb parallax_image=\u00a0\u00bb2936&Prime; offset=\u00a0\u00bbvc_col-md-4&Prime; css=\u00a0\u00bb.vc_custom_1607947023205{background: #ffffff url(http:\/\/mellor-ribet.com\/wp-content\/uploads\/2020\/04\/PK_SMR_kyoto_0g.jpg?id=2936) !important;}\u00a0\u00bb][vc_single_image image=\u00a0\u00bb3433&Prime; img_size=\u00a0\u00bb200X200&Prime; alignment=\u00a0\u00bbcenter\u00a0\u00bb onclick=\u00a0\u00bbcustom_link\u00a0\u00bb css_animation=\u00a0\u00bbzoomIn\u00a0\u00bb][vc_empty_space height=\u00a0\u00bb40px\u00a0\u00bb][vc_column_text]<\/p>\n<h2 style=\"text-align: center;\"><a href=\"http:\/\/mellor-ribet.com\/index.php\/art-urbain\/\">Art urbain<\/a><\/h2>\n<p>[\/vc_column_text][vc_empty_space height=\u00a0\u00bb40px\u00a0\u00bb][\/vc_column][\/vc_row][vc_row disable_element=\u00a0\u00bbyes\u00a0\u00bb css=\u00a0\u00bb.vc_custom_1607933578165{background-color: #ffffff !important;}\u00a0\u00bb][vc_column width=\u00a0\u00bb1\/3&Prime; css=\u00a0\u00bb.vc_custom_1605768100894{margin-left: 90px !important;}\u00a0\u00bb][vc_single_image image=\u00a0\u00bb3490&Prime; img_size=\u00a0\u00bb300&Prime; alignment=\u00a0\u00bbcenter\u00a0\u00bb style=\u00a0\u00bbvc_box_rounded\u00a0\u00bb onclick=\u00a0\u00bbcustom_link\u00a0\u00bb css_animation=\u00a0\u00bbnone\u00a0\u00bb][vc_empty_space][vc_single_image image=\u00a0\u00bb3491&Prime; img_size=\u00a0\u00bb300&#215;300&Prime; alignment=\u00a0\u00bbcenter\u00a0\u00bb style=\u00a0\u00bbvc_box_rounded\u00a0\u00bb onclick=\u00a0\u00bbcustom_link\u00a0\u00bb css_animation=\u00a0\u00bbnone\u00a0\u00bb][\/vc_column][vc_column width=\u00a0\u00bb1\/3&Prime;][vc_single_image image=\u00a0\u00bb3501&Prime; img_size=\u00a0\u00bb300&#215;300&Prime; alignment=\u00a0\u00bbcenter\u00a0\u00bb style=\u00a0\u00bbvc_box_rounded\u00a0\u00bb onclick=\u00a0\u00bbcustom_link\u00a0\u00bb css_animation=\u00a0\u00bbnone\u00a0\u00bb][vc_empty_space][vc_single_image image=\u00a0\u00bb3470&Prime; img_size=\u00a0\u00bb300&#215;300&Prime; alignment=\u00a0\u00bbcenter\u00a0\u00bb style=\u00a0\u00bbvc_box_rounded\u00a0\u00bb onclick=\u00a0\u00bbcustom_link\u00a0\u00bb css_animation=\u00a0\u00bbnone\u00a0\u00bb][\/vc_column][vc_column width=\u00a0\u00bb1\/3&Prime; css=\u00a0\u00bb.vc_custom_1605768206400{margin-right: -100px !important;}\u00a0\u00bb][vc_single_image image=\u00a0\u00bb3499&Prime; img_size=\u00a0\u00bb300&#215;300&Prime; alignment=\u00a0\u00bbcenter\u00a0\u00bb style=\u00a0\u00bbvc_box_rounded\u00a0\u00bb onclick=\u00a0\u00bbcustom_link\u00a0\u00bb css_animation=\u00a0\u00bbnone\u00a0\u00bb][vc_empty_space][vc_single_image image=\u00a0\u00bb3471&Prime; img_size=\u00a0\u00bb300&#215;300&Prime; alignment=\u00a0\u00bbcenter\u00a0\u00bb style=\u00a0\u00bbvc_box_rounded\u00a0\u00bb onclick=\u00a0\u00bbcustom_link\u00a0\u00bb css_animation=\u00a0\u00bbnone\u00a0\u00bb][\/vc_column][\/vc_row][vc_row content_aligment=\u00a0\u00bbcenter\u00a0\u00bb css=\u00a0\u00bb.vc_custom_1607949021853{background-color: rgba(255,255,255,0.87) !important;*background-color: rgb(255,255,255) !important;}\u00a0\u00bb][vc_column][vc_row_inner css=\u00a0\u00bb.vc_custom_1608205944393{margin-top: px !important;margin-left: px !important;}\u00a0\u00bb][vc_column_inner width=\u00a0\u00bb1\/3&Prime;][vc_column_text el_class=\u00a0\u00bba:hover\u00a0\u00bb css=\u00a0\u00bb.vc_custom_1611058294023{margin-top: px !important;}\u00a0\u00bb]<\/p>\n<h2 style=\"text-align: center;\"><a href=\"http:\/\/mellor-ribet.com\/index.php\/architecture\/\">ARCHITECTURE<\/a><\/h2>\n<p>[\/vc_column_text][vc_empty_space][vc_single_image image=\u00a0\u00bb4513&Prime; img_size=\u00a0\u00bb500&#215;500&Prime; alignment=\u00a0\u00bbcenter\u00a0\u00bb onclick=\u00a0\u00bbcustom_link\u00a0\u00bb link=\u00a0\u00bbhttp:\/\/mellor-ribet.com\/index.php\/architecture\/\u00a0\u00bb el_class=\u00a0\u00bbimage-grayscale\u00a0\u00bb][\/vc_column_inner][vc_column_inner width=\u00a0\u00bb1\/3&Prime;][vc_column_text]<\/p>\n<h2 style=\"text-align: center;\"><a href=\"http:\/\/mellor-ribet.com\/index.php\/urbanisme\/\">URBANISME<\/a><\/h2>\n<p>[\/vc_column_text][vc_empty_space][vc_single_image image=\u00a0\u00bb3440&Prime; img_size=\u00a0\u00bb500&#215;500&Prime; alignment=\u00a0\u00bbcenter\u00a0\u00bb onclick=\u00a0\u00bbcustom_link\u00a0\u00bb link=\u00a0\u00bbhttp:\/\/mellor-ribet.com\/index.php\/urbanisme\u00a0\u00bb el_class=\u00a0\u00bbimage-grayscale\u00a0\u00bb][\/vc_column_inner][vc_column_inner width=\u00a0\u00bb1\/3&Prime;][vc_column_text]<\/p>\n<h2 style=\"text-align: center;\"><a href=\"http:\/\/mellor-ribet.com\/index.php\/accueil\/art-urbain\/\">ART URBAIN<\/a><\/h2>\n<p>[\/vc_column_text][vc_empty_space][vc_single_image image=\u00a0\u00bb4380&Prime; img_size=\u00a0\u00bb500&#215;500&Prime; alignment=\u00a0\u00bbcenter\u00a0\u00bb onclick=\u00a0\u00bbcustom_link\u00a0\u00bb link=\u00a0\u00bbhttp:\/\/mellor-ribet.com\/index.php\/accueil\/art-urbain\/\u00a0\u00bb el_class=\u00a0\u00bbimage-grayscale\u00a0\u00bb][\/vc_column_inner][\/vc_row_inner][vc_empty_space][\/vc_column][\/vc_row]<\/p>\n","protected":false},"excerpt":{"rendered":"<p>[vc_row disable_element=\u00a0\u00bbyes\u00a0\u00bb header_style=\u00a0\u00bbqodef-dark-header\u00a0\u00bb content_aligment=\u00a0\u00bbcenter\u00a0\u00bb css=\u00a0\u00bb.vc_custom_1607933746928{background-color: #ffffff !important;}\u00a0\u00bb][vc_column][\/vc_column][\/vc_row][vc_row disable_element=\u00a0\u00bbyes\u00a0\u00bb row_type=\u00a0\u00bbparallax\u00a0\u00bb content_width=\u00a0\u00bbgrid\u00a0\u00bb content_aligment=\u00a0\u00bbcenter\u00a0\u00bb full_screen_section_height=\u00a0\u00bbno\u00a0\u00bb parallax_background_image=\u00a0\u00bb76&Prime; css=\u00a0\u00bb.vc_custom_1607604202379{background-color: #ffffff !important;}\u00a0\u00bb][vc_column][vc_empty_space height=\u00a0\u00bb121px\u00a0\u00bb][vc_empty_space height=\u00a0\u00bb248px\u00a0\u00bb][\/vc_column][\/vc_row][vc_row disable_element=\u00a0\u00bbyes\u00a0\u00bb row_type=\u00a0\u00bbparallax\u00a0\u00bb header_style=\u00a0\u00bbqodef-light-header\u00a0\u00bb content_aligment=\u00a0\u00bbcenter\u00a0\u00bb full_screen_section_height=\u00a0\u00bbno\u00a0\u00bb section_height=\u00a0\u00bb250px\u00a0\u00bb parallax_background_image=\u00a0\u00bb3975&Prime; parallax_speed=\u00a0\u00bb2&Prime;][vc_column width=\u00a0\u00bb1\/2&Prime; offset=\u00a0\u00bbvc_col-md-6&Prime;][\/vc_column][vc_column width=\u00a0\u00bb1\/2&Prime;][vc_single_image image=\u00a0\u00bb2994&Prime; img_size=\u00a0\u00bb300&#215;300&Prime; alignment=\u00a0\u00bbcenter\u00a0\u00bb css=\u00a0\u00bb.vc_custom_1605765966535{margin-top: 90px !important;}\u00a0\u00bb][\/vc_column][\/vc_row][vc_row disable_element=\u00a0\u00bbyes\u00a0\u00bb css=\u00a0\u00bb.vc_custom_1607933890018{background-color: #ffffff !important;}\u00a0\u00bb][vc_column][vc_empty_space height=\u00a0\u00bb120px\u00a0\u00bb][\/vc_column][\/vc_row][vc_row disable_element=\u00a0\u00bbyes\u00a0\u00bb row_type=\u00a0\u00bbparallax\u00a0\u00bb header_style=\u00a0\u00bbqodef-dark-header\u00a0\u00bb content_aligment=\u00a0\u00bbright\u00a0\u00bb full_screen_section_height=\u00a0\u00bbyes\u00a0\u00bb&#8230;<\/p>\n","protected":false},"author":2,"featured_media":0,"parent":0,"menu_order":0,"comment_status":"closed","ping_status":"closed","template":"","meta":[],"_links":{"self":[{"href":"https:\/\/mellor-ribet.com\/index.php\/wp-json\/wp\/v2\/pages\/2667"}],"collection":[{"href":"https:\/\/mellor-ribet.com\/index.php\/wp-json\/wp\/v2\/pages"}],"about":[{"href":"https:\/\/mellor-ribet.com\/index.php\/wp-json\/wp\/v2\/types\/page"}],"author":[{"embeddable":true,"href":"https:\/\/mellor-ribet.com\/index.php\/wp-json\/wp\/v2\/users\/2"}],"replies":[{"embeddable":true,"href":"https:\/\/mellor-ribet.com\/index.php\/wp-json\/wp\/v2\/comments?post=2667"}],"version-history":[{"count":43,"href":"https:\/\/mellor-ribet.com\/index.php\/wp-json\/wp\/v2\/pages\/2667\/revisions"}],"predecessor-version":[{"id":4897,"href":"https:\/\/mellor-ribet.com\/index.php\/wp-json\/wp\/v2\/pages\/2667\/revisions\/4897"}],"wp:attachment":[{"href":"https:\/\/mellor-ribet.com\/index.php\/wp-json\/wp\/v2\/media?parent=2667"}],"curies":[{"name":"wp","href":"https:\/\/api.w.org\/{rel}","templated":true}]}}